Dec 01 01:59:57.755 INFO testing smarion2/Hal-Ai against master#8940af3cea4a9a9deabcaf843b2f8cad9a83fc61 for beta-1.31-5
Dec 01 01:59:57.755 INFO running `"docker" "create" "-v" "/mnt/big/crater/work/local/target-dirs/beta-1.31-5/worker-1/master#8940af3cea4a9a9deabcaf843b2f8cad9a83fc61:/target:rw,Z" "-v" "/mnt/big/crater/work/local/test-source/worker-1/beta-1.31-5/master#8940af3cea4a9a9deabcaf843b2f8cad9a83fc61:/source:ro,Z" "-v" "/mnt/big/crater/work/local/cargo-home:/cargo-home:ro,Z" "-v" "/mnt/big/crater/work/local/rustup-home:/rustup-home:ro,Z" "-e" "USER_ID=1000" "-e" "SOURCE_DIR=/source" "-e" "USER_ID=1000" "-e" "CMD=cargo +8940af3cea4a9a9deabcaf843b2f8cad9a83fc61-alt build --frozen" "-e" "CARGO_TARGET_DIR=/target" "-e" "CARGO_INCREMENTAL=0" "-e" "RUST_BACKTRACE=full" "-e" "RUSTFLAGS=--cap-lints=warn" "-e" "CARGO_HOME=/cargo-home" "-e" "RUSTUP_HOME=/rustup-home" "-m" "1536M" "--network" "none" "crater"`
Dec 01 01:59:57.987 INFO [stdout] 9e1c1eaec9b14cb2ba5cae43390b702316a9e2a439feb5fafbf47f808581d636
Dec 01 01:59:57.992 INFO running `"docker" "start" "-a" "9e1c1eaec9b14cb2ba5cae43390b702316a9e2a439feb5fafbf47f808581d636"`
Dec 01 01:59:58.439 INFO [stderr] usermod: no changes
Dec 01 01:59:58.503 INFO [stderr]    Compiling my_bot v0.1.0 (/source)
Dec 01 01:59:58.563 INFO [stderr] error: incorrect close delimiter: `}`
Dec 01 01:59:58.563 INFO [stderr]    --> src/hlt/game_map.rs:150:9
Dec 01 01:59:58.563 INFO [stderr]     |
Dec 01 01:59:58.563 INFO [stderr] 148 |         let zone_radius = if self.width < 33 {
Dec 01 01:59:58.563 INFO [stderr]     |                                              - close delimiter possibly meant for this
Dec 01 01:59:58.563 INFO [stderr] 149 |             (3i32
Dec 01 01:59:58.563 INFO [stderr]     |             - un-closed delimiter
Dec 01 01:59:58.563 INFO [stderr] 150 |         } else if self.width < 50 {
Dec 01 01:59:58.563 INFO [stderr]     |         ^ incorrect close delimiter
Dec 01 01:59:58.563 INFO [stderr] 
Dec 01 01:59:58.563 INFO [stderr] error: incorrect close delimiter: `)`
Dec 01 01:59:58.563 INFO [stderr]    --> src/hlt/game_map.rs:151:17
Dec 01 01:59:58.563 INFO [stderr]     |
Dec 01 01:59:58.563 INFO [stderr] 150 |         } else if self.width < 50 {
Dec 01 01:59:58.563 INFO [stderr]     |                                   - un-closed delimiter
Dec 01 01:59:58.563 INFO [stderr] 151 |             4i32)
Dec 01 01:59:58.563 INFO [stderr]     |                 ^ incorrect close delimiter
Dec 01 01:59:58.563 INFO [stderr] 
Dec 01 01:59:58.563 INFO [stderr] error: expected one of `.`, `;`, `?`, `else`, or an operator, found `}`
Dec 01 01:59:58.563 INFO [stderr]    --> src/hlt/game_map.rs:152:9
Dec 01 01:59:58.563 INFO [stderr]     |
Dec 01 01:59:58.563 INFO [stderr] 151 |             4i32)
Dec 01 01:59:58.563 INFO [stderr]     |                  - expected one of `.`, `;`, `?`, `else`, or an operator here
Dec 01 01:59:58.563 INFO [stderr] 152 |         } else if self.width < 70 {
Dec 01 01:59:58.563 INFO [stderr]     |         ^ unexpected token
Dec 01 01:59:58.563 INFO [stderr] 
Dec 01 01:59:58.563 INFO [stderr] error: expected one of `async`, `const`, `crate`, `default`, `existential`, `extern`, `fn`, `pub`, `type`, `unsafe`, or `}`, found `else`
Dec 01 01:59:58.563 INFO [stderr]    --> src/hlt/game_map.rs:152:11
Dec 01 01:59:58.563 INFO [stderr]     |
Dec 01 01:59:58.563 INFO [stderr] 152 |         } else if self.width < 70 {
Dec 01 01:59:58.563 INFO [stderr]     |           ^^^^ expected one of 11 possible tokens here
Dec 01 01:59:58.563 INFO [stderr] 
Dec 01 01:59:58.563 INFO [stderr] error: expected one of `async`, `const`, `crate`, `default`, `existential`, `extern`, `fn`, `pub`, `type`, `unsafe`, or `}`, found `else`
Dec 01 01:59:58.563 INFO [stderr]    --> src/hlt/game_map.rs:154:11
Dec 01 01:59:58.563 INFO [stderr]     |
Dec 01 01:59:58.563 INFO [stderr] 154 |         } else {
Dec 01 01:59:58.563 INFO [stderr]     |           ^^^^ expected one of 11 possible tokens here
Dec 01 01:59:58.563 INFO [stderr] 
Dec 01 01:59:58.563 INFO [stderr] error: expected one of `async`, `const`, `crate`, `default`, `existential`, `extern`, `fn`, `pub`, `type`, `unsafe`, or `}`, found `;`
Dec 01 01:59:58.563 INFO [stderr]    --> src/hlt/game_map.rs:156:10
Dec 01 01:59:58.563 INFO [stderr]     |
Dec 01 01:59:58.563 INFO [stderr] 156 |         };
Dec 01 01:59:58.563 INFO [stderr]     |          ^ expected one of 11 possible tokens here
Dec 01 01:59:58.563 INFO [stderr] 
Dec 01 01:59:58.563 INFO [stderr] error: expected one of `async`, `const`, `crate`, `default`, `existential`, `extern`, `fn`, `pub`, `type`, `unsafe`, or `}`, found `for`
Dec 01 01:59:58.563 INFO [stderr]    --> src/hlt/game_map.rs:157:9
Dec 01 01:59:58.563 INFO [stderr]     |
Dec 01 01:59:58.564 INFO [stderr] 156 |         };
Dec 01 01:59:58.564 INFO [stderr]     |           - expected one of 11 possible tokens here
Dec 01 01:59:58.564 INFO [stderr] 157 |         for x in 0..self.width {
Dec 01 01:59:58.564 INFO [stderr]     |         ^^^ unexpected token
Dec 01 01:59:58.564 INFO [stderr] 
Dec 01 01:59:58.564 INFO [stderr] error: expected one of `async`, `const`, `crate`, `default`, `existential`, `extern`, `fn`, `pub`, `type`, `unsafe`, or `}`, found `let`
Dec 01 01:59:58.564 INFO [stderr]    --> src/hlt/game_map.rs:172:9
Dec 01 01:59:58.564 INFO [stderr]     |
Dec 01 01:59:58.564 INFO [stderr] 171 |         }
Dec 01 01:59:58.564 INFO [stderr]     |          - expected one of 11 possible tokens here
Dec 01 01:59:58.564 INFO [stderr] 172 |         let winner = heap.pop(); {
Dec 01 01:59:58.564 INFO [stderr]     |         ^^^ unexpected token
Dec 01 01:59:58.564 INFO [stderr] 
Dec 01 01:59:58.564 INFO [stderr] error: expected one of `async`, `const`, `crate`, `default`, `existential`, `extern`, `fn`, `pub`, `type`, `unsafe`, or `}`, found `{`
Dec 01 01:59:58.564 INFO [stderr]    --> src/hlt/game_map.rs:172:34
Dec 01 01:59:58.564 INFO [stderr]     |
Dec 01 01:59:58.564 INFO [stderr] 172 |         let winner = heap.pop(); {
Dec 01 01:59:58.564 INFO [stderr]     |                                  ^ expected one of 11 possible tokens here
Dec 01 01:59:58.564 INFO [stderr] 
Dec 01 01:59:58.749 INFO [stderr] error[E0425]: cannot find value `best_dropoffs` in this scope
Dec 01 01:59:58.749 INFO [stderr]   --> src/main.rs:88:32
Dec 01 01:59:58.749 INFO [stderr]    |
Dec 01 01:59:58.749 INFO [stderr] 88 |                 let drop_pos = best_dropoffs[drop_id.parse::<usize>().unwrap()];
Dec 01 01:59:58.749 INFO [stderr]    |                                ^^^^^^^^^^^^^ did you mean `best_dropoff`?
Dec 01 01:59:58.749 INFO [stderr] 
Dec 01 01:59:58.749 INFO [stderr] error[E0425]: cannot find value `best_dropoffs` in this scope
Dec 01 01:59:58.749 INFO [stderr]    --> src/main.rs:140:29
Dec 01 01:59:58.750 INFO [stderr]     |
Dec 01 01:59:58.750 INFO [stderr] 140 |                 for i in 0..best_dropoffs.len() {
Dec 01 01:59:58.750 INFO [stderr]     |                             ^^^^^^^^^^^^^ did you mean `best_dropoff`?
Dec 01 01:59:58.750 INFO [stderr] 
Dec 01 01:59:58.750 INFO [stderr] error[E0425]: cannot find value `best_dropoffs` in this scope
Dec 01 01:59:58.750 INFO [stderr]    --> src/main.rs:141:86
Dec 01 01:59:58.750 INFO [stderr]     |
Dec 01 01:59:58.750 INFO [stderr] 141 |                     let distance = game.game_map.calculate_distance(&ship.position, &best_dropoffs[i]);
Dec 01 01:59:58.750 INFO [stderr]     |                                                                                      ^^^^^^^^^^^^^ did you mean `best_dropoff`?
Dec 01 01:59:58.750 INFO [stderr] 
Dec 01 01:59:58.938 INFO [stderr] error: aborting due to 12 previous errors
Dec 01 01:59:58.938 INFO [stderr] 
Dec 01 01:59:58.938 INFO [stderr] For more information about this error, try `rustc --explain E0425`.
Dec 01 01:59:58.945 INFO [stderr] error: Could not compile `my_bot`.
Dec 01 01:59:58.945 INFO [stderr] 
Dec 01 01:59:58.945 INFO [stderr] To learn more, run the command again with --verbose.
Dec 01 01:59:58.947 INFO [stderr] su: No module specific data is present
Dec 01 01:59:59.333 INFO running `"docker" "inspect" "9e1c1eaec9b14cb2ba5cae43390b702316a9e2a439feb5fafbf47f808581d636"`
Dec 01 01:59:59.420 INFO running `"docker" "rm" "-f" "9e1c1eaec9b14cb2ba5cae43390b702316a9e2a439feb5fafbf47f808581d636"`
Dec 01 01:59:59.514 INFO [stdout] 9e1c1eaec9b14cb2ba5cae43390b702316a9e2a439feb5fafbf47f808581d636
